actor of 3433293?
True
Does 10 divide 5500?
True
Does 30 divide 243600?
True
Is 32 a factor of 685152?
True
Is 994896 a multiple of 28?
True
Is 2553055 a multiple of 1973?
False
Is 287056 a multiple of 221?
False
Is 445692 a multiple of 502?
False
Is 4 a factor of 31816?
True
Does 113 divide 306230?
True
Is 258091 a multiple of 65?
False
Is 13 a factor of 2021604?
True
Is 6363612 a multiple of 5?
False
Is 50 a factor of 177087?
False
Is 19 a factor of 90858?
True
Is 430 a factor of 1481780?
True
Does 16 divide 297392?
True
Is 82 a factor of 540773?
False
Does 482 divide 550926?
True
Is 69916 a multiple of 28?
True
Is 13 a factor of 42991?
True
Is 634 a factor of 1470501?
False
Does 86 divide 10148?
True
Does 258 divide 426072?
False
Is 20 a factor of 705860?
True
Is 1531980 a multiple of 12?
True
Is 18 a factor of 309816?
True
Is 2098387 a multiple of 685?
False
Does 216 divide 2028240?
True
Is 574 a factor of 4396609?
False
Does 183 divide 801064?
False
Is 945675 a multiple of 75?
True
Is 25 a factor of 90430?
False
Is 369831 a multiple of 21?
True
Is 282 a factor of 1368828?
True
Is 11 a factor of 18788?
True
Does 9 divide 14965?
False
Does 27 divide 2194110?
False
Is 453 a factor of 125028?
True
Is 5083897 a multiple of 1127?
True
Does 795 divide 12803080?
False
Does 12 divide 3777516?
True
Is 270 a factor of 710640?
True
Is 9 a factor of 1543275?
True
Is 214272 a multiple of 78?
False
Does 14 divide 762525?
False
Is 1804219 a multiple of 979?
False
Is 6513 a multiple of 80?
False
Is 93 a factor of 330987?
True
Does 67 divide 6690352?
True
Does 107 divide 3188?
False
Does 37 divide 398924?
False
Is 2039877 a multiple of 129?
True
Does 18 divide 94622?
False
Is 21 a factor of 152899?
False
Does 100 divide 114900?
True
Is 259344 a multiple of 18?
True
Is 186 a factor of 20471?
False
Is 21 a factor of 555009?
True
Is 10549968 a multiple of 12?
True
Is 82 a factor of 6394704?
False
Does 13 divide 63518?
True
Is 105131 a multiple of 68?
False
Is 43 a factor of 1492305?
False
Is 9 a factor of 170532?
True
Is 7302420 a multiple of 336?
False
Does 331 divide 178995?
False
Is 226206 a multiple of 9?
True
Is 5809333 a multiple of 35?
False
Does 159 divide 2846895?
True
Does 8 divide 19220?
False
Is 1980017 a multiple of 43?
False
Is 1247 a factor of 499158?
False
Is 79 a factor of 1027000?
True
Does 16 divide 358640?
True
Does 139 divide 1887328?
False
Is 2339312 a multiple of 998?
True
Does 18 divide 5094?
True
Does 3 divide 4612?
False
Does 10 divide 1367898?
False
Is 9493250 a multiple of 13?
True
Is 3417 a multiple of 9?
False
Is 1479 a factor of 2307240?
True
Does 39 divide 548964?
True
Is 201175 a multiple of 156?
False
Does 72 divide 19308?
False
Is 560 a factor of 1924158?
False
Is 1434 a factor of 3752778?
True
Does 9 divide 120205?
False
Does 8 divide 88901?
False
Is 69 a factor of 1550214?
False
Does 412 divide 932768?
True
Is 89540 a multiple of 242?
True
Is 23853036 a multiple of 12?
True
Is 33 a factor of 10957947?
True
Is 500582 a multiple of 17?
True
Is 36 a factor of 6408?
True
Is 36 a factor of 800296?
False
Is 5796051 a multiple of 779?
False
Is 114924 a multiple of 183?
True
Does 13 divide 267865?
True
Is 150827 a multiple of 180?
False
Is 302211 a multiple of 81?
True
Does 9 divide 1306782?
True
Is 33307232 a multiple of 112?
True
Is 255849 a multiple of 33?
True
Does 7 divide 12749173?
False
Is 2561164 a multiple of 58?
True
Does 42 divide 60058?
False
Does 2 divide 1246561?
False
Is 13 a factor of 3627?
True
Is 8227919 a multiple of 9?
False
Is 2 a factor of 586468?
True
Is 91904 a multiple of 15?
False
Is 339 a factor of 489055?
False
Does 4 divide 30818?
False
Is 235935 a multiple of 147?
True
Does 42 divide 3554031?
False
Is 888400 a multiple of 400?
True
Is 35 a factor of 88585?
True
Is 11 a factor of 136191?
True
Is 4655129 a multiple of 350?
False
Is 20294 a multiple of 14?
False
Does 19 divide 9167690?
True
Is 233 a factor of 9070690?
True
Does 893 divide 4122981?
True
Does 121 divide 10374279?
False
Does 235 divide 321113?
False
Does 2 divide 25620?
True
Does 221 divide 264316?
True
Does 21 divide 559557?
False
Does 3 divide 6390?
True
Is 1780064 a multiple of 8?
True
Does 13 divide 217048?
True
Is 1169228 a multiple of 716?
True
Is 253694 a multiple of 145?
False
Is 79 a factor of 1704587?
False
Is 34 a factor of 270309?
False
Does 12 divide 4191277?
False
Is 12 a factor of 108936?
True
Is 5293 a multiple of 51?
False
Is 479556 even?
True
Does 16 divide 543446?
False
Is 7645393 a multiple of 220?
False
Is 115960 a multiple of 89?
False
Does 80 divide 56480?
True
Does 16 divide 69073?
False
Is 14384947 a multiple of 74?
False
Is 775113 a multiple of 111?
True
Does 3 divide 33238?
False
Does 269 divide 398856?
False
Is 47 a factor of 940282?
True
Is 6 a factor of 11364?
True
Does 904 divide 5529768?
True
Is 4384 a multiple of 2?
True
Is 88 a factor of 594961?
False
Is 19 a factor of 7136287?
False
Is 1419 a factor of 3160113?
True
Is 17 a factor of 14630830?
False
Is 113 a factor of 520478?
True
Is 250146 a multiple of 54?
False
Is 140366 a multiple of 66?
False
Is 270108 a multiple of 58?
False
Does 20 divide 7205320?
True
Is 32 a factor of 1074304?
True
Is 193924 a multiple of 162?
False
Does 52 divide 16584?
False
Is 2266288 a multiple of 394?
True
Is 347 a factor of 376148?
True
Does 1067 divide 2330328?
True
Is 3010989 a multiple of 43?
True
Does 373 divide 34715?
False
Is 19 a factor of 226676?
False
Is 48 a factor of 13344?
True
Does 5 divide 312105?
True
Is 392696 a multiple of 191?
True
Is 113490 a multiple of 7?
False
Is 648640 a multiple of 160?
True
Is 5651895 a multiple of 208?
False
Does 61 divide 500505?
True
Is 7983977 a multiple of 8?
False
Is 68279 a multiple of 7?
False
Is 230 a factor of 638118?
False
Does 64 divide 86528?
True
Does 8 divide 139912?
True
Does 20 divide 1081867?
False
Is 1025208 a multiple of 29?
True
Is 238560 a multiple of 32?
True
Is 1308744 a multiple of 797?
False
Is 56 a factor of 92298?
False
Does 4 divide 36868?
True
Does 76 divide 1215620?
True
Does 620 divide 3799143?
False
Does 9 divide 15696?
True
Is 365631 a multiple of 483?
True
Does 86 divide 10129480?
False
Does 94 divide 62236?
False
Is 16 a factor of 8176?
True
Is 337 a factor of 69085?
True
Does 75 divide 2518917?
False
Is 1026007 a multiple of 458?
False
Does 398 divide 1248924?
True
Is 76261 a multiple of 8?
False
Does 7 divide 700749?
True
Is 148 a factor of 108418?
False
Is 1105 even?
False
Is 7587975 a multiple of 75?
True
Does 161 divide 172941?
False
Is 476820 a multiple of 180?
True
Does 75 divide 132587?
False
Is 5366 a multiple of 77?
False
Is 160 a factor of 2089726?
False
Is 1853105 a multiple of 114?
False
Does 86 divide 8111434?
True
Does 39 divide 892281?
True
Is 93 a factor of 8225571?
True
Is 6999001 a multiple of 707?
False
Is 212 a factor of 562456?
False
Does 17 divide 4512667?
True
Does 68 divide 72352?
True
Is 19649250 a multiple of 142?
True
Is 6954019 a multiple of 14?
False
Is 3264704 a multiple of 58?
True
Is 4 a factor of 21724?
True
Is 59 a factor of 6573898?
True
Does 123 divide 4937228?
False
Is 12 a factor of 3346452?
True
Does 15 divide 3050699?
False
Does 239 divide 609127?
False
Is 501992 a multiple of 131?
True
Does 121 divide 90750?
True
Is 3459152 a multiple of 631?
False
Does 16 divide 50640?
True
Is 31269120 a multiple of 14?
False
Does 247 divide 25688?
True
Is 13 a factor of 93259?
False
Is 17545 a multiple of 4?
False
Is 3760400 a multiple of 35?
True
Is 24295 a multiple of 38?
False
Is 17 a factor of 1671593?
True
Does 3 divide 500212?
False
Is 61 a factor of 15363?
False
Does 46 divide 1201520?
True
Is 55 a factor of 269445?
True
Is 805512 a multiple of 6?
True
Is 11 a factor of 2384615?
False
Does 111 divide 31177014?
True
Does 98 divide 63210?
True
Does 371 divide 17269475?
False
Is 31764 a multiple of 53?
False
Is 115 a factor of 2430870?
True
Is 399480 a multiple of 8?
True
Is 68876 a multiple of 67?
True
Is 660996 even?
True
Does 118 divide 2137688?
True
Does 189 divide 2951424?
True
Is 479427 a multiple of 30?
False
Is 223 a factor of 12683125?
True
Does 4 divide 1552872?
True
Is 9 a factor of 111120?
False
Does 918 divide 11031606?
True
Is 28 a factor of 8736?
T